8. Determine m(7).
-770
Let l(z) = 70*z + 2871. Determine l(-41).
1
Let f(l) = 750*l + 56247. Calculate f(-75).
-3
Let v(o) = -4*o**2 + 1207*o - 3615. Give v(3).
-30
Let o(u) = -2*u**2 + 144*u + 1114. Calculate o(79).
8
Let y(t) = -15*t**2 - 74*t - 71. Give y(-3).
16
Let k(c) = c**2 + 43*c + 8. What is k(-43)?
8
Let l(c) = -69*c + 2612. Calculate l(38).
-10
Let w(r) = 2*r**3 + 63*r**2 + 143*r - 2. Determine w(-29).
56
Let d(w) = -w**3 - 5*w**2 + 63*w + 31. Calculate d(-11).
64
Let z(g) = -3*g**3 - 21*g**2 - 22*g + 22. Calculate z(-9).
706
Let o(y) = -8*y**2 - 162*y + 150. Give o(-21).
24
Let o(u) = -64*u**2 - 9*u + 1. What is o(1)?
-72
Let l(q) = -6*q**2 + 327*q + 2351. Calculate l(-7).
-232
Let a(z) = 148*z - 4. Determine a(0).
-4
Let m(f) = -17*f**3 - 3*f**2 + 4*f + 2. Calculate m(2).
-138
Let y(n) = -n**2 - 25*n + 23. Calculate y(5).
-127
Let i(m) = 8973*m + 10. Calculate i(0).
10
Let j(m) = m**2 - 103*m + 1390. Calculate j(87).
-2
Let a(t) = -t**2 + 131*t - 2200. Determine a(20).
20
Let v(s) = s**3 - 4*s**2 - 19*s + 12. Give v(6).
-30
Let i(r) = -r**3 - 5*r**2 - 61*r - 237. What is i(-4)?
-9
Let b(l) = -11*l + 442. Calculate b(46).
-64
Let r(i) = -4*i - 203. Give r(-43).
-31
Let m(v) = 38*v**2 + 17*v + 15. Determine m(-1).
36
Let b(a) = 2*a**2 - 28*a + 17. Calculate b(12).
-31
Let i(s) = s**2 + 2*s + 18. What is i(-4)?
26
Let v(u) = -3*u**3 - u**2 + 13*u + 8. Calculate v(3).
-43
Let s(c) = -c**3 + 9*c**2 - 19*c + 243. What is s(9)?
72
Let p(c) = 18*c**2 + 28*c - 105. Calculate p(4).
295
Let f(v) = -200*v**2 - 3*v + 1. Determine f(1).
-202
Let x(j) = 91*j - 3549. Calculate x(38).
-91
Let p(y) = 41*y**2 - 11*y. Give p(2).
142
Let w(t) = 134*t - 1801. Calculate w(14).
75
Let i(t) = 8*t**2 - 10*t - 181. Give i(12).
851
Let u(g) = -9*g**2 - 1309*g + 687. Calculate u(-146).
-43
Let f(q) = q**3 + 4*q**2 - 3*q + 14. What is f(-5)?
4
Let y(u) = -u**2 + 453*u - 6125. Give y(14).
21
Let w(q) = -81*q - 268. Give w(-3).
-25
Let n(k) = k**3 + 11*k**2 - 15*k + 5. What is n(-12)?
41
Let y(a) = -638*a + 5741. Calculate y(9).
-1
Let w(g) = 97*g - 996. Give w(7).
-317
Let q(y) = 7*y - 4. What is q(7)?
45
Let c(q) = -79*q - 3080. What is c(-39)?
1
Let p(u) = -u**3 - 57*u**2 - 610*u - 350. What is p(-43)?
-6
Let c(s) = 2*s**3 - 30*s**2 + 4*s - 15. Give c(15).
45
Let n(i) = i**2 + 35*i + 37. What is n(-1)?
3
Let j(x) = 248*x + 14881. Calculate j(-60).
1
Let t(z) = -26*z + 3477. What is t(116)?
461
Let c(w) = w**2 - 108*w - 989. What is c(116)?
-61
Let c(v) = 2*v**3 - 283*v**2 + 192*v - 7200. Determine c(141).
-9
Let q(p) = 3*p**2 - 2*p - 43. Give q(8).
133
Let p(i) = -4*i**3 - 4*i**2 + 40*i + 223. Determine p(-6).
703
Let c(v) = 282*v**3 - 1976*v**2 + 11*v + 17. What is c(7)?
-4
Let n(v) = -v**3 + 118*v**2 - 113*v - 434. Determine n(117).
34
Let r(u) = -236*u + 17231. Give r(73).
3
Let l(f) = -105*f - 3337. What is l(-32)?
23
Let x(f) = f**2 + 27*f + 86. What is x(-18)?
-76
Let x(t) = t**3 - 55*t**2 - 33*t + 1817. What is x(55)?
2
Let v(b) = -b**3 - 35*b**2 - 19*b + 759. What is v(-34)?
249
Let b(v) = -22*v - 79. Give b(-2).
-35
Let f(v) = -4*v**2 + 362*v - 1697. Determine f(5).
13
Let x(s) = 484*s - 2385. Give x(5).
35
Let i(h) = h**3 + 8*h**2 - 2*h - 93. Give i(-5).
-8
Let o(w) = w**2 - 102*w + 1242. Determine o(88).
10
Let v(z) = 65*z**3 - 10*z**2 + 14*z + 6. What is v(2)?
514
Let v(z) = 7*z**2 - 2773*z + 2774. Calculate v(1).
8
Let s(y) = -7*y**3 - y**2 + y - 151. Determine s(0).
-151
Let k(j) = 58*j**2 + 20*j + 19. Determine k(-1).
57
Let j(k) = -2*k**2 - 3018*k + 21216. Determine j(7).
-8
Let p(j) = j**3 + j**2 - 5*j - 42. Give p(6).
180
Let b(m) = -463*m - 43558. Give b(-94).
-36
Let d(v) = -v**3 - 7*v**2 + 64*v + 38. Calculate d(6).
-46
Let q(v) = -4*v**3 + 15*v**2 - 216*v - 440. What is q(-2)?
84
Let l(z) = 382*z - 27514. What is l(72)?
-10
Let l(x) = 243*x + 2024. Calculate l(-7).
323
Let g(u) = -70*u - 718. Give g(-5).
-368
Let o(c) = -4*c**3 + 527*c**2 + 132*c - 7. Give o(132).
-7
Let j(h) = -h**2 - 257*h + 17901. What is j(-314)?
3
Let p(v) = -v**3 - 13*v**2 - 17*v + 86. Determine p(-11).
31
Let d(s) = 5*s**2 - 44*s + 107. Determine d(4).
11
Let y(r) = -4*r**3 - 20*r**2 + 31*r + 100. What is y(-2)?
-10
Let m(p) = p**3 - 11*p**2 + 15*p + 37. Calculate m(7).
-54
Let c(f) = -143*f - 1149. Determine c(-8).
-5
Let b(l) = -4*l**2 - 775*l + 1564. Calculate b(2).
-2
Let u(x) = 422*x - 3880. Determine u(9).
-82
Let f(y) = -5*y**2 + 106*y - 553. What is f(9)?
-4
Let u(r) = -2*r**2 + 57*r - 313. Determine u(7).
-12
Let a(d) = -2*d**2 + 17*d - 27. Calculate a(7).
-6
Let s(y) = y**3 - 166*y**2 + 3291*y - 41. Determine s(23).
5
Let i(r) = -46*r - 177. Give i(-4).
7
Let q(p) = 8*p**2 + 87*p + 264. What is q(-3)?
75
Let d(i) = i**2 + 58*i - 260. Give d(4).
-12
Let l(u) = 12*u + 6. What is l(0)?
6
Let n(o) = 19*o - 622. Calculate n(33).
5
Let p(a) = -206*a + 11411. Give p(55).
81
Let r(g) = 6*g**2 - 200*g - 115. Calculate r(34).
21
Let t(m) = m**3 - 14*m**2 + 25*m - 7. Calculate t(12).
5
Let z(b) = 87*b + 780. Determine z(-9).
-3
Let i(v) = 118*v + 5264. Calculate i(-45).
-46
Let x(j) = 4*j**2 - 9*j - 339. What is x(0)?
-339
Let h(x) = -305*x - 1237. Give h(-4).
-17
Let q(d) = 37*d**2 + 38*d + 13. Calculate q(-1).
12
Let s(y) = -94*y + 864. What is s(9)?
18
Let o(r) = -701*r + 66581. Give o(95).
-14
Let f(n) = -n**3 - 11*n**2 + 22*n + 266. Give f(-11).
24
Let m(v) = -162*v - 12805. Calculate m(-79).
-7
Let n(i) = 727*i - 7. What is n(0)?
-7
Let m(x) = 13*x + 159. Calculate m(0).
159
Let h(u) = -9*u**2 + 93*u + 38. What is h(6)?
272
Let r(h) = 13*h + 227. Determine r(-18).
-7
Let g(o) = -30*o**2 + 40*o + 112. What is g(3)?
-38
Let v(k) = 329*k - 3963. Determine v(12).
-15
Let z(o) = -o**3 + 81*o**2 + 337*o + 231. What is z(85)?
-24
Let n(o) = 580*o + 12185. Determine n(-21).
5
Let j(h) = h**2 - 87*h - 3792. Give j(-32).
16
Let h(g) = g**2 + 42*g + 282. Give h(-8).
10
Let q(v) = 430*v + 16391. What is q(-38)?
51
Let k(f) = 13*f + 49. What is k(-2)?
23
Let a(l) = l**2 + 21*l - 115. Calculate a(-25).
-15
Let q(c) = -10*c + 417. What is q(36)?
57
Let v(g) = -6*g - 560. Determine v(-82).
-68
Let m(a) = -24*a - 111. Calculate m(-4).
-15
Let d(t) = -5*t**3 + 37*t**2 - 26*t + 48. Determine d(8).
-352
Let i(u) = -u**2 - 53*u + 1700. Determine i(22).
50
Let q(h) = 63*h + 347. What is q(-6)?
-31
Let o(m) = -m**2 - 16*m + 1022. Give o(-41).
-3
Let c(o) = -66*o - 700. Determine c(-12).
92
Let s(q) = -q**2 + 12*q + 99. Calculate s(-6).
-9
Let m(v) = 17*v - 343. Determine m(8).
-207
Let a(b) = 4*b**3 - 3*b**2 + 3. Calculate a(2).
23
Let h(m) = 37*m + 14. Determine h(-6).
-208
Let t(c) = c**2 + 8*c - 5. What is t(10)?
175
Let b(z) = 554*z + 3332. Give b(-6).
8
Let r(t) = 10*t**2 + 3*t - 5. Determine r(-1).
2
Let z(v) = -2*v**3 + 19*v**2 - 27*v + 27. Determine z(8).
3
Let c(y) = -2*y**2 - 34*y + 541. What is c(-27)?
1
Let i(a) = -71*a**3 + 2*a**2 + 8*a + 8. Calculate i(-1).
73
Let c(o) = 124*o + 6836. Calculate c(-55).
16
Let r(g) = -2*g**2 + 11*g + 62. Determine r(8).
22
Let h(c) = -c**2 + 43*c - 300. Determine h(8).
-20
Let y(a) = -181*a + 6944. Give y(38).
66
Let v(x) = 15*x + 26. Determine v(15).
251
Let p(z) = z**3 - 23*z**2 + 23*z - 4. Give p(22).
18
Let z(n) = n**2 + 9*n - 26717. Determine z(159).
-5
Let i(q) = -q**3 + q**2 + 28*q + 23. Give i(6).
11
Let l(b) = -b**3 - 17*b**2 - 8*b + 124. What is l(-16)?
-4
Let v(s) = 42*s + 4916. Determine v(-117).
2
Let v(m) = 18*m + 797. What is v(-47)?
-49
Let n(o) = -o**2 + 39*o - 306. Give n(28).
2
Let p(v) = v**2 - 36*v + 129. What is p(30)?
-51
Let i(u) = -2*u**2 + 89*u - 923. What is i(28)?
1
Let h(u) = -2006*u - 24081. Determine h(-12).
-9
Let y(f) = -f**3 - 26*f**2 - 154*f + 196. Give y(-13).
1
Let a(t) = 2*t**3 + 18*t**2 - 18*t - 29. Determine a(-10).
-49
Let f(w) = 39*w - 1012. Determine f(26).
2
Let f(p) = -39*p + 3719. Calculate f(95).
14
Let y(g) = -2*g**2 - 53*g + 7. Give y(-35).
-588
Let w(j) = 27*j**3 + 4*j**2 - 34*j + 62. Determine w(2).
226
Let z(x) = -2*x**3 - 6*x**2 - 14*x. Calculate z(-4).
88
Let u(z) = -62*z + 5192. Calculate u(85).
-78
Let b(g) = -4*g**3 - 2*g**2 + 27*g - 50. Calculate b(2).
-36
Let i(k) = k**2 - 34*k + 327. Give i(24).
87
Let i(t) = -6*t**2 + 162*t - 475. Determine i(3).
-43
Let l(v) = -v**2 +